, what is -4300 - 3b6c?
-816c
In base 14, what is -70d1c2 + 4?
-70d1bc
In base 4, what is -130122 - -103120?
-21002
In base 4, what is -111 - 2032302?
-2033013
In base 3, what is 22 - 121100102100020?
-121100102022221
In base 15, what is -3203b1e + -1?
-3203b20
In base 14, what is 3 - -5da47?
5da4a
In base 2, what is -10101111100001100111 + -100?
-10101111100001101011
In base 5, what is 21210143 + -43020?
21112123
In base 8, what is -71 - -3173263?
3173172
In base 7, what is 464215043 + -2?
464215041
In base 4, what is -20 + -2303020000032?
-2303020000112
In base 8, what is -122066151 + -2?
-122066153
In base 4, what is 23321333 + -23130?
23232203
In base 14, what is -1 + -547665a?
-547665b
In base 16, what is 84fdc + -23?
84fb9
In base 4, what is -203 - 202303233013?
-202303233222
In base 9, what is -1 + -7327435?
-7327436
In base 12, what is -15 + 40a979?
40a964
In base 16, what is 15032 + b?
1503d
In base 14, what is 301c425 - 10?
301c415
In base 16, what is 1c6ecfc + 3?
1c6ecff
In base 13, what is -967 - -1b581?
1a917
In base 8, what is -32300 + -104137?
-136437
In base 2, what is -10000100010010 + 10111111101010?
111011011000
In base 9, what is -126772086 + -5?
-126772102
In base 12, what is -b9 - -3918906?
3918809
In base 9, what is 0 + 222431663?
222431663
In base 13, what is -123aa88 + 34?
-123aa54
In base 7, what is -163521 - 10405?
-204226
In base 16, what is -b89b2 - -77?
-b893b
In base 8, what is -41350565 - 6?
-41350573
In base 9, what is 102374 + -56?
102317
In base 10, what is -704 - 8335?
-9039
In base 15, what is -20b - -96d5?
94c9
In base 12, what is -34 - 162871?
-1628a5
In base 5, what is -430 + 10140033302?
10140032322
In base 7, what is 11040602 - 13?
11040556
In base 2, what is -10101110100 - 11100110001000?
-11111011111100
In base 7, what is 3522514130 + 5?
3522514135
In base 3, what is -110101120021012 + 0?
-110101120021012
In base 6, what is -200 - -155442?
155242
In base 5, what is 0 - -101103140?
101103140
In base 12, what is -4 + 8a11138?
8a11134
In base 8, what is 55 + -26406116?
-26406041
In base 15, what is -49e6 - -2e5?
-4701
In base 11, what is -891 + 14a834?
149a53
In base 3, what is 1212100021 + 2011020?
1221111111
In base 3, what is -100220122 + -11120220?
-112111112
In base 3, what is -11111211 - -12110102102?
12021220121
In base 15, what is -6abe + -1512?
-80d1
In base 11, what is -276a59a8 - 2?
-276a59aa
In base 14, what is 1c83 - a26?
125b
In base 7, what is -1 + -34603032?
-34603033
In base 10, what is -1379468610 - -1?
-1379468609
In base 12, what is -939 + 801b?
72a2
In base 9, what is 157 + -424163?
-424005
In base 12, what is -1a + -b8b9432?
-b8b9450
In base 10, what is 256331 - 7?
256324
In base 15, what is 2105 - 25?
20d0
In base 10, what is 634344 + 16?
634360
In base 2, what is 101000 + -10110111101100100001?
-10110111101011111001
In base 2, what is 11 + 1001001000000101011111?
1001001000000101100010
In base 4, what is 203322 - -2120221?
2330203
In base 5, what is 143 - -2300140044?
2300140242
In base 14, what is 2b + -b89c94?
-b89c67
In base 4, what is -2233311 + -21210?
-2321121
In base 2, what is -111111 + 10101100110010010?
10101100101010011
In base 3, what is -12 - 12000020111220?
-12000020112002
In base 7, what is -4 + -32660212?
-32660216
In base 2, what is 101000101 + 10010010001100?
10010111010001
In base 3, what is -100002 - 10122020?
-10222022
In base 3, what is -1 - 20201120110120?
-20201120110121
In base 10, what is 20 - -164134?
164154
In base 2, what is 11100100 + -100100111101101?
-100100100001001
In base 5, what is -1 - -112303403012?
112303403011
In base 6, what is -505234041 - 1?
-505234042
In base 14, what is 44cb1b - -18?
44cb35
In base 10, what is 380 + 8176?
8556
In base 11, what is a + -4288959?
-428894a
In base 3, what is 2122 - 12021201122?
-12021122000
In base 14, what is 247 - -3c5?
62c
In base 12, what is 721904 - -7?
72190b
In base 12, what is 4 - -6b4b3298?
6b4b32a0
In base 11, what is -5 + -22412945?
-2241294a
In base 10, what is 32 - -675727?
675759
In base 9, what is -220450 + 316?
-220133
In base 5, what is -10023311 - -202?
-10023104
In base 12, what is 812 - 2230?
-161a
In base 8, what is 140 - 22634270?
-22634130
In base 2, what is -110101101000000001101100 + -100?
-110101101000000001110000
In base 3, what is 1100 + 1202121020222?
1202121022022
In base 13, what is 4a + -c4242?
-c41c5
In base 6, what is -2211234 - 131?
-2211405
In base 2, what is -1111110 - -111110010011110011111?
111110010011100100001
In base 7, what is -15 + -5261414?
-5261432
In base 3, what is 10202121120200 - -11?
10202121120211
In base 11, what is -4 - -680638?
680634
In base 6, what is -2030552055 - 5?
-2030552104
In base 10, what is 73053 - 1706?
71347
In base 2, what is 10100111100101010001001 + 10?
10100111100101010001011
In base 7, what is 1640645 - -30?
1641005
In base 4, what is 232122 + -13103?
213013
In base 7, what is -106011 - 25063?
-134104
In base 2, what is -1101010 + 100001?
-1001001
In base 13, what is -3 - 357b193?
-357b196
In base 14, what is -3bc - 18124?
-18502
In base 15, what is 1 + 3848e4a?
3848e4b
In base 16, what is -8a4ed43 - -2?
-8a4ed41
In base 15, what is -7a4c7 - b?
-7a4d3
In base 15, what is 36454c2 - 1?
36454c1
In base 9, what is -25 + -866444?
-866470
In base 8, what is -4 - 44274531?
-44274535
In base 9, what is -346056 + 13?
-346043
In base 2, what is 1010001101001000111 + 1011110?
1010001101010100101
In base 4, what is 12333301 + 230120?
13230021
In base 11, what is 136 - 1242a3?
-124168
In base 7, what is 6 + -14643350?
-14643341
In base 6, what is -1100044311 - 20?
-1100044331
In base 7, what is 0 - 300332?
-300332
In base 2, what is 10111000000100000 + 110110101011?
10111110111001011
In base 4, what is -30120130133 + 1?
-30120130132
In base 10, what is -2066 + 176?
-1890
In base 14, what is -12 - 34284?
-34296
In base 11, what is 4 + -989424?
-989420
In base 14, what is -3a71bd7b - 4?
-3a71bd81
In base 7, what is 3414534646 + 0?
3414534646
In base 10, what is 4 - -11386865?
11386869
In base 15, what is 15b6 - 173?
1443
In base 10, what is 1033650 + -12?
1033638
In base 9, what is 32580 + -10754?
21725
In base 11, what is -1080251 - 7?
-1080258
In base 14, what is -a2d435 - -1?
-a2d434
In base 6, what is -3 + -34241123434?
-34241123441
In base 8, what is 2365 - -12244?
14631
In base 3, what is -12220111222201 - 20?
-12220111222221
In base 5, what is -221102 + -1034?
-222141
In base 11, what is -1243 + -2740?
-3983
In base 5, what is 2410 + 111223030?
111230440
In base 14, what is 612886 - 35?
612851
In base 16, what is -a3ad7f - 5?
-a3ad84
In base 8, what is 2023 + 5061?
7104
In base 10, what is 173990005 + -3?
173990002
In base 16, what is -1b0bf22 - 1?
-1b0bf23
In base 4, what is 33 - -2011332130?
2011332223
In base 11, what is 44381 + -2a1?
44090
In base 13, what is 4 - 805363?
-80535c
In base 6, what is 213122234 + -42?
213122152
In base 9, what is -345 + -822217?
-822563
In base 4, what is -231101021 + 1013?
-231100002
In base 14, what is -d + 1201a50?
1201a41
In base 15, what is -6e338c - 8?
-6e3395
In base 10, what is 1273705 + -5?
1273700
In base 16, what is -5 + 2ba59d?
2ba598
In base 11, what is -2 + 1775aa49?
1775aa47
In base 6, what is -2023410132 + 2?
-2023410130
In base 2, what is 10010100 - -1001111001110101010011?
1001111001110111100111
In base 16, what is 10e758d + 3?
10e7590
In base 2, what is -1010001 - -11001010001010000?
11001001111111111
In base 14, what is d960 + -1b?
d943
In base 6, what is 52 - -5210050?
5210142
In base 3, what is 100100201021 - 10112?
100100120202
In base 5, what is -222 - -23410312?
23410040
In base 16, what is -18348b + 8?
-183483
In base 9, what is 35237 + -481?
34646
In base 8, what is -2 - -153205201?
153205177
In base 13, what is -12a7039 - 5?
-12a7041
In base 4, what is -10230 + -31210010?
-31220300
In base 4, what is -20010122 - -1023113?
-12321003
In base 13, what is -2544ba5 - -3?
-2544ba2
In base 12, what is 13 + 18331?
18344
In base 9, what is 8 - 255050?
-255041
In base 11, what is 84 + 50727?
50800
In base 7, what is 5125543 - -142?
5126015
In base 7, what is 110004510 - -5?
110004515
In base 9, what is 81632 + 27286?
120028
In base 5, what is 101323320141 - 1?
101323320140
In base 16, w